{"id":933,"date":"2024-08-12T16:08:41","date_gmt":"2024-08-12T14:08:41","guid":{"rendered":"https:\/\/beguinagelamadeleine.fr\/?page_id=933"},"modified":"2024-08-21T10:46:01","modified_gmt":"2024-08-21T08:46:01","slug":"hotel-geant-a-insectes","status":"publish","type":"page","link":"https:\/\/beguinagelamadeleine.fr\/index.php\/hotel-geant-a-insectes\/","title":{"rendered":"H\u00f4tel g\u00e9ant \u00e0 insectes"},"content":{"rendered":"\t\t<div data-elementor-type=\"wp-page\" data-elementor-id=\"933\" class=\"elementor elementor-933\">\n\t\t\t\t<div class=\"elementor-element elementor-element-057520e e-flex e-con-boxed wpr-particle-no wpr-jarallax-no wpr-parallax-no wpr-sticky-section-no wpr-equal-height-no e-con e-parent\" data-id=\"057520e\" data-element_type=\"container\" data-e-type=\"container\">\n\t\t\t\t\t<div class=\"e-con-inner\">\n\t\t<div class=\"elementor-element elementor-element-c0ae7ed e-con-full e-flex wpr-particle-no wpr-jarallax-no wpr-parallax-no wpr-sticky-section-no wpr-equal-height-no e-con e-child\" data-id=\"c0ae7ed\" data-element_type=\"container\" data-e-type=\"container\">\n\t\t\t\t<div class=\"elementor-element elementor-element-94f98da elementor-widget-divider--view-line elementor-widget elementor-widget-divider\" data-id=\"94f98da\" data-element_type=\"widget\" data-e-type=\"widget\" data-widget_type=\"divider.default\">\n\t\t\t\t<div class=\"elementor-widget-container\">\n\t\t\t\t\t\t\t<div class=\"elementor-divider\">\n\t\t\t<span class=\"elementor-divider-separator\">\n\t\t\t\t\t\t<\/span>\n\t\t<\/div>\n\t\t\t\t\t\t<\/div>\n\t\t\t\t<\/div>\n\t\t\t\t<\/div>\n\t\t<div class=\"elementor-element elementor-element-5b13d67 e-con-full e-flex wpr-particle-no wpr-jarallax-no wpr-parallax-no wpr-sticky-section-no wpr-equal-height-no e-con e-child\" data-id=\"5b13d67\" data-element_type=\"container\" data-e-type=\"container\">\n\t\t\t\t<div class=\"elementor-element elementor-element-b1f5fff elementor-widget elementor-widget-heading\" data-id=\"b1f5fff\" data-element_type=\"widget\" data-e-type=\"widget\" data-widget_type=\"heading.default\">\n\t\t\t\t<div class=\"elementor-widget-container\">\n\t\t\t\t\t<h2 class=\"elementor-heading-title elementor-size-default\">H\u00f4tel \u00e0 insectes g\u00e9ants: (l\u2019h\u00f4tel g\u00e9ant, pas les insectes)<\/h2>\t\t\t\t<\/div>\n\t\t\t\t<\/div>\n\t\t\t\t<\/div>\n\t\t<div class=\"elementor-element elementor-element-d763d98 e-con-full e-flex wpr-particle-no wpr-jarallax-no wpr-parallax-no wpr-sticky-section-no wpr-equal-height-no e-con e-child\" data-id=\"d763d98\" data-element_type=\"container\" data-e-type=\"container\">\n\t\t\t\t<div class=\"elementor-element elementor-element-009285f elementor-widget-divider--view-line elementor-widget elementor-widget-divider\" data-id=\"009285f\" data-element_type=\"widget\" data-e-type=\"widget\" data-widget_type=\"divider.default\">\n\t\t\t\t<div class=\"elementor-widget-container\">\n\t\t\t\t\t\t\t<div class=\"elementor-divider\">\n\t\t\t<span class=\"elementor-divider-separator\">\n\t\t\t\t\t\t<\/span>\n\t\t<\/div>\n\t\t\t\t\t\t<\/div>\n\t\t\t\t<\/div>\n\t\t\t\t<\/div>\n\t\t\t\t\t<\/div>\n\t\t\t\t<\/div>\n\t\t<div class=\"elementor-element elementor-element-edd115e e-flex e-con-boxed wpr-particle-no wpr-jarallax-no wpr-parallax-no wpr-sticky-section-no wpr-equal-height-no e-con e-parent\" data-id=\"edd115e\" data-element_type=\"container\" data-e-type=\"container\">\n\t\t\t\t\t<div class=\"e-con-inner\">\n\t\t<div class=\"elementor-element elementor-element-bdd91eb e-con-full e-flex wpr-particle-no wpr-jarallax-no wpr-parallax-no wpr-sticky-section-no wpr-equal-height-no e-con e-child\" data-id=\"bdd91eb\" data-element_type=\"container\" data-e-type=\"container\">\n\t\t\t\t<div class=\"elementor-element elementor-element-6f8416d elementor-widget elementor-widget-image\" data-id=\"6f8416d\" data-element_type=\"widget\" data-e-type=\"widget\" data-widget_type=\"image.default\">\n\t\t\t\t<div class=\"elementor-widget-container\">\n\t\t\t\t\t\t\t\t\t\t\t\t\t\t\t<img fetchpriority=\"high\" decoding=\"async\" width=\"292\" height=\"300\" src=\"https:\/\/beguinagelamadeleine.fr\/wp-content\/uploads\/2024\/08\/copie20231126_161505-292x300.jpg\" class=\"attachment-medium size-medium wp-image-1147\" alt=\"\" srcset=\"https:\/\/beguinagelamadeleine.fr\/wp-content\/uploads\/2024\/08\/copie20231126_161505-292x300.jpg 292w, https:\/\/beguinagelamadeleine.fr\/wp-content\/uploads\/2024\/08\/copie20231126_161505-996x1024.jpg 996w, https:\/\/beguinagelamadeleine.fr\/wp-content\/uploads\/2024\/08\/copie20231126_161505-768x789.jpg 768w, https:\/\/beguinagelamadeleine.fr\/wp-content\/uploads\/2024\/08\/copie20231126_161505.jpg 1468w\" sizes=\"(max-width: 292px) 100vw, 292px\" \/>\t\t\t\t\t\t\t\t\t\t\t\t\t\t\t<\/div>\n\t\t\t\t<\/div>\n\t\t\t\t<\/div>\n\t\t<div class=\"elementor-element elementor-element-d196366 e-con-full e-flex wpr-particle-no wpr-jarallax-no wpr-parallax-no wpr-sticky-section-no wpr-equal-height-no e-con e-child\" data-id=\"d196366\" data-element_type=\"container\" data-e-type=\"container\">\n\t\t\t\t<div class=\"elementor-element elementor-element-b041eb0 elementor-widget elementor-widget-text-editor\" data-id=\"b041eb0\" data-element_type=\"widget\" data-e-type=\"widget\" data-widget_type=\"text-editor.default\">\n\t\t\t\t<div class=\"elementor-widget-container\">\n\t\t\t\t\t\t\t\t\t<p>C\u2019est au mois de novembre que s\u2019est tenu la construction et le garnissage d&rsquo;un h\u00f4tel \u00e0 insectes XXL sur le terrain de la Madeleine au Konacker.<\/p><p>C\u2019est donc durant l\u2019hiver 2023-2024 que Le B\u00e9guinage La Madeleine a accueilli ses premiers r\u00e9sidents (insectes).<\/p><p>\u00a0<\/p><p>Anim\u00e9 par Ludinatom<\/p><p>Participation des habitants du Konacker<\/p>\t\t\t\t\t\t\t\t<\/div>\n\t\t\t\t<\/div>\n\t\t\t\t<\/div>\n\t\t\t\t\t<\/div>\n\t\t\t\t<\/div>\n\t\t\t\t<\/div>\n\t\t","protected":false},"excerpt":{"rendered":"<p>H\u00f4tel \u00e0 insectes g\u00e9ants: (l\u2019h\u00f4tel g\u00e9ant, pas les insectes) C\u2019est au mois de novembre que s\u2019est tenu la construction et le garnissage d&rsquo;un h\u00f4tel \u00e0 insectes XXL sur le terrain de la Madeleine au Konacker. C\u2019est donc durant l\u2019hiver 2023-2024 que Le B\u00e9guinage La Madeleine a accueilli ses premiers r\u00e9sidents (insectes). \u00a0 Anim\u00e9 par Ludinatom Participation des habitants du Konacker<\/p>\n","protected":false},"author":1,"featured_media":0,"parent":0,"menu_order":0,"comment_status":"closed","ping_status":"closed","template":"","meta":{"_seopress_robots_primary_cat":"0","_seopress_titles_title":"","_seopress_titles_desc":"","_seopress_robots_index":"","footnotes":""},"class_list":["post-933","page","type-page","status-publish","hentry"],"yoast_head":"<!-- This site is optimized with the Yoast SEO plugin v27.5 - https:\/\/yoast.com\/product\/yoast-seo-wordpress\/ -->\n<title>H\u00f4tel g\u00e9ant \u00e0 insectes - B\u00e9guinage La Madeleine<\/title>\n<meta name=\"robots\" content=\"noindex, follow, max-snippet:-1, max-image-preview:large, max-video-preview:-1\" \/>\n<meta property=\"og:locale\" content=\"fr_FR\" \/>\n<meta property=\"og:type\" content=\"article\" \/>\n<meta property=\"og:title\" content=\"H\u00f4tel g\u00e9ant \u00e0 insectes - B\u00e9guinage La Madeleine\" \/>\n<meta property=\"og:description\" content=\"H\u00f4tel \u00e0 insectes g\u00e9ants: (l\u2019h\u00f4tel g\u00e9ant, pas les insectes) C\u2019est au mois de novembre que s\u2019est tenu la construction et le garnissage d&rsquo;un h\u00f4tel \u00e0 insectes XXL sur le terrain de la Madeleine au Konacker. C\u2019est donc durant l\u2019hiver 2023-2024 que Le B\u00e9guinage La Madeleine a accueilli ses premiers r\u00e9sidents (insectes). \u00a0 Anim\u00e9 par Ludinatom Participation des habitants du Konacker\" \/>\n<meta property=\"og:url\" content=\"https:\/\/beguinagelamadeleine.fr\/index.php\/hotel-geant-a-insectes\/\" \/>\n<meta property=\"og:site_name\" content=\"B\u00e9guinage La Madeleine\" \/>\n<meta property=\"article:modified_time\" content=\"2024-08-21T08:46:01+00:00\" \/>\n<meta property=\"og:image\" content=\"https:\/\/beguinagelamadeleine.fr\/wp-content\/uploads\/2024\/08\/copie20231126_161505.jpg\" \/>\n\t<meta property=\"og:image:width\" content=\"1468\" \/>\n\t<meta property=\"og:image:height\" content=\"1509\" \/>\n\t<meta property=\"og:image:type\" content=\"image\/jpeg\" \/>\n<meta name=\"twitter:card\" content=\"summary_large_image\" \/>\n<script type=\"application\/ld+json\" class=\"yoast-schema-graph\">{\"@context\":\"https:\\\/\\\/schema.org\",\"@graph\":[{\"@type\":\"WebPage\",\"@id\":\"https:\\\/\\\/beguinagelamadeleine.fr\\\/index.php\\\/hotel-geant-a-insectes\\\/\",\"url\":\"https:\\\/\\\/beguinagelamadeleine.fr\\\/index.php\\\/hotel-geant-a-insectes\\\/\",\"name\":\"H\u00f4tel g\u00e9ant \u00e0 insectes - B\u00e9guinage La Madeleine\",\"isPartOf\":{\"@id\":\"https:\\\/\\\/beguinagelamadeleine.fr\\\/#website\"},\"primaryImageOfPage\":{\"@id\":\"https:\\\/\\\/beguinagelamadeleine.fr\\\/index.php\\\/hotel-geant-a-insectes\\\/#primaryimage\"},\"image\":{\"@id\":\"https:\\\/\\\/beguinagelamadeleine.fr\\\/index.php\\\/hotel-geant-a-insectes\\\/#primaryimage\"},\"thumbnailUrl\":\"https:\\\/\\\/beguinagelamadeleine.fr\\\/wp-content\\\/uploads\\\/2024\\\/08\\\/copie20231126_161505-292x300.jpg\",\"datePublished\":\"2024-08-12T14:08:41+00:00\",\"dateModified\":\"2024-08-21T08:46:01+00:00\",\"breadcrumb\":{\"@id\":\"https:\\\/\\\/beguinagelamadeleine.fr\\\/index.php\\\/hotel-geant-a-insectes\\\/#breadcrumb\"},\"inLanguage\":\"fr-FR\",\"potentialAction\":[{\"@type\":\"ReadAction\",\"target\":[\"https:\\\/\\\/beguinagelamadeleine.fr\\\/index.php\\\/hotel-geant-a-insectes\\\/\"]}]},{\"@type\":\"ImageObject\",\"inLanguage\":\"fr-FR\",\"@id\":\"https:\\\/\\\/beguinagelamadeleine.fr\\\/index.php\\\/hotel-geant-a-insectes\\\/#primaryimage\",\"url\":\"https:\\\/\\\/beguinagelamadeleine.fr\\\/wp-content\\\/uploads\\\/2024\\\/08\\\/copie20231126_161505.jpg\",\"contentUrl\":\"https:\\\/\\\/beguinagelamadeleine.fr\\\/wp-content\\\/uploads\\\/2024\\\/08\\\/copie20231126_161505.jpg\",\"width\":1468,\"height\":1509},{\"@type\":\"BreadcrumbList\",\"@id\":\"https:\\\/\\\/beguinagelamadeleine.fr\\\/index.php\\\/hotel-geant-a-insectes\\\/#breadcrumb\",\"itemListElement\":[{\"@type\":\"ListItem\",\"position\":1,\"name\":\"Accueil\",\"item\":\"https:\\\/\\\/beguinagelamadeleine.fr\\\/\"},{\"@type\":\"ListItem\",\"position\":2,\"name\":\"H\u00f4tel g\u00e9ant \u00e0 insectes\"}]},{\"@type\":\"WebSite\",\"@id\":\"https:\\\/\\\/beguinagelamadeleine.fr\\\/#website\",\"url\":\"https:\\\/\\\/beguinagelamadeleine.fr\\\/\",\"name\":\"B\u00e9guinage La Madeleine\",\"description\":\"\",\"publisher\":{\"@id\":\"https:\\\/\\\/beguinagelamadeleine.fr\\\/#organization\"},\"potentialAction\":[{\"@type\":\"SearchAction\",\"target\":{\"@type\":\"EntryPoint\",\"urlTemplate\":\"https:\\\/\\\/beguinagelamadeleine.fr\\\/?s={search_term_string}\"},\"query-input\":{\"@type\":\"PropertyValueSpecification\",\"valueRequired\":true,\"valueName\":\"search_term_string\"}}],\"inLanguage\":\"fr-FR\"},{\"@type\":\"Organization\",\"@id\":\"https:\\\/\\\/beguinagelamadeleine.fr\\\/#organization\",\"name\":\"B\u00e9guinage La Madeleine\",\"url\":\"https:\\\/\\\/beguinagelamadeleine.fr\\\/\",\"logo\":{\"@type\":\"ImageObject\",\"inLanguage\":\"fr-FR\",\"@id\":\"https:\\\/\\\/beguinagelamadeleine.fr\\\/#\\\/schema\\\/logo\\\/image\\\/\",\"url\":\"https:\\\/\\\/beguinagelamadeleine.fr\\\/wp-content\\\/uploads\\\/2024\\\/08\\\/cropped-cropped-Beguinage-La-Madeleine_17122022_Final-1.png\",\"contentUrl\":\"https:\\\/\\\/beguinagelamadeleine.fr\\\/wp-content\\\/uploads\\\/2024\\\/08\\\/cropped-cropped-Beguinage-La-Madeleine_17122022_Final-1.png\",\"width\":1975,\"height\":1727,\"caption\":\"B\u00e9guinage La Madeleine\"},\"image\":{\"@id\":\"https:\\\/\\\/beguinagelamadeleine.fr\\\/#\\\/schema\\\/logo\\\/image\\\/\"}}]}<\/script>\n<!-- \/ Yoast SEO plugin. -->","yoast_head_json":{"title":"H\u00f4tel g\u00e9ant \u00e0 insectes - B\u00e9guinage La Madeleine","robots":{"index":"noindex","follow":"follow","max-snippet":"max-snippet:-1","max-image-preview":"max-image-preview:large","max-video-preview":"max-video-preview:-1"},"og_locale":"fr_FR","og_type":"article","og_title":"H\u00f4tel g\u00e9ant \u00e0 insectes - B\u00e9guinage La Madeleine","og_description":"H\u00f4tel \u00e0 insectes g\u00e9ants: (l\u2019h\u00f4tel g\u00e9ant, pas les insectes) C\u2019est au mois de novembre que s\u2019est tenu la construction et le garnissage d&rsquo;un h\u00f4tel \u00e0 insectes XXL sur le terrain de la Madeleine au Konacker. C\u2019est donc durant l\u2019hiver 2023-2024 que Le B\u00e9guinage La Madeleine a accueilli ses premiers r\u00e9sidents (insectes). \u00a0 Anim\u00e9 par Ludinatom Participation des habitants du Konacker","og_url":"https:\/\/beguinagelamadeleine.fr\/index.php\/hotel-geant-a-insectes\/","og_site_name":"B\u00e9guinage La Madeleine","article_modified_time":"2024-08-21T08:46:01+00:00","og_image":[{"width":1468,"height":1509,"url":"https:\/\/beguinagelamadeleine.fr\/wp-content\/uploads\/2024\/08\/copie20231126_161505.jpg","type":"image\/jpeg"}],"twitter_card":"summary_large_image","schema":{"@context":"https:\/\/schema.org","@graph":[{"@type":"WebPage","@id":"https:\/\/beguinagelamadeleine.fr\/index.php\/hotel-geant-a-insectes\/","url":"https:\/\/beguinagelamadeleine.fr\/index.php\/hotel-geant-a-insectes\/","name":"H\u00f4tel g\u00e9ant \u00e0 insectes - B\u00e9guinage La Madeleine","isPartOf":{"@id":"https:\/\/beguinagelamadeleine.fr\/#website"},"primaryImageOfPage":{"@id":"https:\/\/beguinagelamadeleine.fr\/index.php\/hotel-geant-a-insectes\/#primaryimage"},"image":{"@id":"https:\/\/beguinagelamadeleine.fr\/index.php\/hotel-geant-a-insectes\/#primaryimage"},"thumbnailUrl":"https:\/\/beguinagelamadeleine.fr\/wp-content\/uploads\/2024\/08\/copie20231126_161505-292x300.jpg","datePublished":"2024-08-12T14:08:41+00:00","dateModified":"2024-08-21T08:46:01+00:00","breadcrumb":{"@id":"https:\/\/beguinagelamadeleine.fr\/index.php\/hotel-geant-a-insectes\/#breadcrumb"},"inLanguage":"fr-FR","potentialAction":[{"@type":"ReadAction","target":["https:\/\/beguinagelamadeleine.fr\/index.php\/hotel-geant-a-insectes\/"]}]},{"@type":"ImageObject","inLanguage":"fr-FR","@id":"https:\/\/beguinagelamadeleine.fr\/index.php\/hotel-geant-a-insectes\/#primaryimage","url":"https:\/\/beguinagelamadeleine.fr\/wp-content\/uploads\/2024\/08\/copie20231126_161505.jpg","contentUrl":"https:\/\/beguinagelamadeleine.fr\/wp-content\/uploads\/2024\/08\/copie20231126_161505.jpg","width":1468,"height":1509},{"@type":"BreadcrumbList","@id":"https:\/\/beguinagelamadeleine.fr\/index.php\/hotel-geant-a-insectes\/#breadcrumb","itemListElement":[{"@type":"ListItem","position":1,"name":"Accueil","item":"https:\/\/beguinagelamadeleine.fr\/"},{"@type":"ListItem","position":2,"name":"H\u00f4tel g\u00e9ant \u00e0 insectes"}]},{"@type":"WebSite","@id":"https:\/\/beguinagelamadeleine.fr\/#website","url":"https:\/\/beguinagelamadeleine.fr\/","name":"B\u00e9guinage La Madeleine","description":"","publisher":{"@id":"https:\/\/beguinagelamadeleine.fr\/#organization"},"potentialAction":[{"@type":"SearchAction","target":{"@type":"EntryPoint","urlTemplate":"https:\/\/beguinagelamadeleine.fr\/?s={search_term_string}"},"query-input":{"@type":"PropertyValueSpecification","valueRequired":true,"valueName":"search_term_string"}}],"inLanguage":"fr-FR"},{"@type":"Organization","@id":"https:\/\/beguinagelamadeleine.fr\/#organization","name":"B\u00e9guinage La Madeleine","url":"https:\/\/beguinagelamadeleine.fr\/","logo":{"@type":"ImageObject","inLanguage":"fr-FR","@id":"https:\/\/beguinagelamadeleine.fr\/#\/schema\/logo\/image\/","url":"https:\/\/beguinagelamadeleine.fr\/wp-content\/uploads\/2024\/08\/cropped-cropped-Beguinage-La-Madeleine_17122022_Final-1.png","contentUrl":"https:\/\/beguinagelamadeleine.fr\/wp-content\/uploads\/2024\/08\/cropped-cropped-Beguinage-La-Madeleine_17122022_Final-1.png","width":1975,"height":1727,"caption":"B\u00e9guinage La Madeleine"},"image":{"@id":"https:\/\/beguinagelamadeleine.fr\/#\/schema\/logo\/image\/"}}]}},"_links":{"self":[{"href":"https:\/\/beguinagelamadeleine.fr\/index.php\/wp-json\/wp\/v2\/pages\/933","targetHints":{"allow":["GET"]}}],"collection":[{"href":"https:\/\/beguinagelamadeleine.fr\/index.php\/wp-json\/wp\/v2\/pages"}],"about":[{"href":"https:\/\/beguinagelamadeleine.fr\/index.php\/wp-json\/wp\/v2\/types\/page"}],"author":[{"embeddable":true,"href":"https:\/\/beguinagelamadeleine.fr\/index.php\/wp-json\/wp\/v2\/users\/1"}],"replies":[{"embeddable":true,"href":"https:\/\/beguinagelamadeleine.fr\/index.php\/wp-json\/wp\/v2\/comments?post=933"}],"version-history":[{"count":10,"href":"https:\/\/beguinagelamadeleine.fr\/index.php\/wp-json\/wp\/v2\/pages\/933\/revisions"}],"predecessor-version":[{"id":1235,"href":"https:\/\/beguinagelamadeleine.fr\/index.php\/wp-json\/wp\/v2\/pages\/933\/revisions\/1235"}],"wp:attachment":[{"href":"https:\/\/beguinagelamadeleine.fr\/index.php\/wp-json\/wp\/v2\/media?parent=933"}],"curies":[{"name":"wp","href":"https:\/\/api.w.org\/{rel}","templated":true}]}}